ose -124 = 3*h - 19. List the prime factors of (-24)/(-14) - i/h.
2
Suppose 0 = -r - s + 34, 4*r - 2*s = 2*s + 128. What are the prime factors of r?
3, 11
Let p(a) = a**2 - 13*a - 18. Suppose z + 31 = 2*g, -2*g + 7*g - 75 = 5*z. What are the prime factors of p(g)?
2, 3, 5
Let b(i) = 7*i**2 + 3*i + 2. What are the prime factors of b(-3)?
2, 7
Let w = 506 - 321. Suppose -5*z + 0*z + w = 0. Suppose -5*f = -3*u - z, 4 = -5*u + 9. What are the prime factors of f?
2
Suppose 0 = 3*d - 11 - 55. What are the prime factors of d?
2, 11
Let k be 0/6*1/(-3). Let i = 2 + k. List the prime factors of i.
2
Suppose -4*n + 6*n - 602 = 5*j, 4*n - 3*j = 1218. What are the prime factors of n?
2, 3, 17
Let z = -11 + 21. What are the prime factors of (-2*z)/((-6)/9)?
2, 3, 5
Let u = -99 - -186. What are the prime factors of u?
3, 29
Let r(m) = -m**3 - 8*m**2 + 3*m - 6. Let t be r(-9). Let u = -34 + t. List the prime factors of u.
2, 7
Let b be (-7)/(-21) - (-16)/6. Let r(q) = q**3 - 2*q**2 + 2*q + 2. What are the prime factors of r(b)?
17
Suppose -3*z = 2*g + 2, -5*z - g - 2 + 8 = 0. Suppose 5*y = -3*c - 2*c + 15, -z*y = 4*c - 14. List the prime factors of (-4)/(c/21)*-1.
3, 7
What are the prime factors of 5*4*32/40?
2
Suppose -6*d - 2*c = -2*d + 4, 0 = -2*d + 5*c - 14. What are the prime factors of (4 - 8)*11/d?
2, 11
Suppose -3*w + 1323 = -w - 3*p, -3*p = 3*w - 1977. What are the prime factors of w/25 - (-3)/5?
3
Let t = -3 - -7. Suppose 4*x = 4*v - 48, -t*v + 3*x = -67 + 22. List the prime factors of v.
3
Let k be 4/6*36/(-4). Let i(u) = u**3 + 6*u**2 + u + 8. Let s be i(k). Suppose 0 = y + s*l - 17, 4*y - 20 = 3*l - 7. List the prime factors of y.
7
Suppose 0*w - 4*d - 380 = -3*w, -3 = -3*d. List the prime factors of w.
2
List the prime factors of 9 + -4 + 8 - 1.
2, 3
Let y = -174 - -304. What are the prime factors of y?
2, 5, 13
Let w(z) = 2*z**2 + 2*z + 1. Let k be -1*(2 + (2 - 1)). Let o be w(k). What are the prime factors of 2*-1*o/(-2)?
13
Let o be 6/4*(-80)/(-12). Suppose 2*a - 7*a = o. List the prime factors of (a/4)/(3/(-36)).
2, 3
Suppose -7*h + 10*h - 126 = 0. What are the prime factors of h?
2, 3, 7
Let n(x) = x**2 - 6*x - 9. Suppose -3*f + 3*o = -2*f - 7, 0 = -5*o. Let c be n(f). What are the prime factors of 1*6*c/(-1)?
2, 3
Suppose -2*t + 4*a + 19 = -35, -4*t + a = -73. What are the prime factors of t?
17
Suppose 4*c = -2*d - 0*d + 46, -2*d + 39 = -3*c. What are the prime factors of d?
3, 7
Let p(d) = d**2 + 7*d - 11. List the prime factors of p(5).
7
Let d(y) = 3*y**3 + 2*y**2 - 2*y. Suppose 26 = 3*j - 5*u, -j - 3*j + 24 = -4*u. List the prime factors of d(j).
2, 7
Suppose -2*g = -7*g + 110. What are the prime factors of g?
2, 11
Let y = -7 - -10. Suppose -y*g = -2 - 4. What are the prime factors of g?
2
Suppose 0 = -v + 4*b + 5, 2*b - 5*b = 0. Let t(x) = -x**2 - 5*x - 4. Let r be t(-4). Suppose r = -v*n + 4*n + 15. List the prime factors of n.
3, 5
Suppose 8 = -k + 39. List the prime factors of k.
31
Let v(k) = -4*k**2 + 2*k + 5. Let m(y) = 2*y**2 - y - 2. Let d(h) = 9*m(h) + 4*v(h). Let a = -2 - 0. List the prime factors of d(a).
2, 3
Let k(b) = -b**3 + 4*b**2 - 2*b - 1. Let f be k(3). Suppose 0 = q + 2, 6*t - 2*q = 3*t - f. What are the prime factors of 1/t*-7*2?
7
Let p = -22 + 45. What are the prime factors of p?
23
Suppose 2*o + 2*o = 12. Suppose -o*q - 54 = -q - 4*b, 3*q - 2*b = -65. Let j = -8 - q. List the prime factors of j.
11
Let t(u) = 24*u + 5. List the prime factors of t(5).
5
Suppose m = 5*g, 3*g + 0*m + 2*m = 0. Let a = 11 + g. What are the prime factors of a?
11
Let d(i) = -2*i**2 - i + 1. Let r be d(1). Let p(t) = -9*t + 5. Let s be p(5). What are the prime factors of (1/r)/(2/s)?
2, 5
Suppose -165 = -7*z + 2*z. Let l = 11 - -12. Let b = z - l. What are the prime factors of b?
2, 5
Let f = -116 + 119. List the prime factors of f.
3
Suppose -7*l + 8*l = -6. Let u = 6 + 2. What are the prime factors of u/l*9/(-6)?
2
Suppose 0 = -5*n - 124 + 469. What are the prime factors of n?
3, 23
Let c(k) = -5*k - 33. List the prime factors of c(-10).
17
Let j(u) = u + 1. Let z be j(-2). List the prime factors of ((-4)/6)/(z/12).
2
Let m be (-15)/1 - 21/(-7). Let z = m + 36. What are the prime factors of z?
2, 3
Suppose 0 = 3*a - a. Let u = 2 + a. Suppose -c - u + 4 = 0. What are the prime factors of c?
2
Let c(w) = w - 2. Suppose -3 - 10 = k. Let n = -8 - k. What are the prime factors of c(n)?
3
Let s = 8 - 3. Suppose -18 = -s*h - 3. What are the prime factors of ((-28)/(-6))/(2/h)?
7
Suppose j = 3*x + 7 + 5, 5*j + 30 = -3*x. Let n = j - -5. Suppose n*t + 3*t = -3*v + 61, 4*t + 28 = 4*v. List the prime factors of v.
2, 3
Let r = 112 + -56. List the prime factors of r.
2, 7
Suppose 571 = 5*k + 116. Suppose -g = 4*c - 98, -4*c + 2*g = -1 - k. List the prime factors of c.
2, 3
Suppose 3*j = 2*f - 28, 3*j - 5*j = 0. What are the prime factors of f?
2, 7
Let g be 2 - 4/((-8)/54). Suppose 63 + g = 4*s. What are the prime factors of s?
23
Suppose -4*o + 4 = -2*o. Suppose 4*u = -o*p + u + 7, -2*u = 4*p - 10. List the prime factors of p.
2
Suppose 4*p = -10 + 2, 5*p = -2*d - 10. Suppose 5*g + 0 = -m + 12, -m = 4*g - 9. Suppose g*b + 5 - 35 = d. List the prime factors of b.
2, 5
Let w(l) = l**3 - 9*l**2 + 10*l + 9. Let q be (-3 - 28/(-8))*16. What are the prime factors of w(q)?
5
What are the prime factors of (2 - -44) + 0/2 + 2?
2, 3
Suppose 0 = w + 20 + 23. Let u = 63 + w. List the prime factors of u.
2, 5
Suppose 97*c - 95*c = 694. List the prime factors of c.
347
Let o = 315 - 159. What are the prime factors of o?
2, 3, 13
Let v be 0 + -13 + 3 - 2. Let t(f) = f**2 + 10*f - 16. List the prime factors of t(v).
2
Suppose 41 = 3*d + 11. Suppose 2*i = -3*i + d. What are the prime factors of i?
2
Suppose 1 = -s + t, s = -0*t - 5*t + 29. Let z be (75/s)/(6/16). Suppose 5*m + 21 = 3*g - 11, 3*m + z = 4*g. List the prime factors of g.
2, 7
List the prime factors of ((-5)/(-5) + 3/4)*4.
7
Suppose -5*f = -84 - 16. Let j be (-29)/(-2)*(1 - -1). Let q = j - f. What are the prime factors of q?
3
Let x(z) be the third derivative of z**6/120 + z**5/15 + z**4/12 - z**3/6 - z**2. Let v = -4 - -1. List the prime factors of x(v).
2
Let k = 33 - 12. Suppose -4*q = -q - 3*o - 39, -k = -q - 3*o. What are the prime factors of q?
3, 5
Suppose 0*u - 3 = -u. What are the prime factors of u?
3
Suppose 4*t = 42 + 14. What are the prime factors of t?
2, 7
Suppose 0 = -s + 2*s - 13. Let b be (1 - s - 0)/1. What are the prime factors of (b/(-7))/((-3)/(-21))?
2, 3
Let k(n) = 3*n**2 + 3*n - 2. Let x be k(-5). Suppose -4*q + 5*m = 59, -4*q = q - m + x. Let w = -7 - q. List the prime factors of w.
2
Let o(v) = -6*v**3 + 3*v**3 - 5*v + 6*v**2 + 2*v**3. Let i be o(4). Suppose -4*g + 4*a + 26 = -10, 4*a - i = -4*g. What are the prime factors of g?
2, 3
Let u = -56 - -108. List the prime factors of (-1 + 3)*u/8.
13
Suppose l - 4*l = 0. Suppose l = -k + 16 - 5. What are the prime factors of k?
11
What are the prime factors of (-11)/(-22) - 63/(-6)?
11
Let o be (0 + -1)*(-2)/(-1). Let b be (-30*6)/(9/6). List the prime factors of (o/5)/(3/b).
2
List the prime factors of (239 - 11) + 6/(2 - 4).
3, 5
Let p(k) be the second derivative of 0 + 3/2*k**2 + 1/6*k**3 + 2*k. List the prime factors of p(4).
7
Suppose -g = 4*o - 20, -2 = -2*g + o - 7. Suppose g = -3*a + 4*x - 72, -2*a + 3*x - 46 = x. Let r = a - -37. List the prime factors of r.
17
Suppose -k = -4*t + 22 + 7, -2*t + 4*k + 4 = 0. What are the prime factors of t?
2
Let m(c) = c + 8. Let g be m(-6). Suppose 19 = g*f - 17. What are the prime factors of f?
2, 3
Let g be (5/3)/(3/9). Let o = -5 + g. Suppose o*s + 39 = 3*s. List the prime factors of s.
13
Let g(j) = -5*j**3 + 2*j**2 + j. Let c be g(-1). Let d be (7/((-35)/130))/((-2)/3). Suppose c*a - d = 3*a. What are the prime factors of a?
13
Let r(w) = 2*w - 1. Suppose 0 = 3*f - 5*f + 12. List the prime factors of r(f).
11
Suppose n - 165 = -2*n. Let z = n - 39. List the prime factors of z.
2
Let o = -11 - 1. Let z be (32/o)/(4/(-6)). Suppose -z*b = b - 50. List the prime factors of b.
2, 5
Suppose 2*y - 1 = 5. Suppose -y*o = -i - 38, -4*i - 56 = 3*o - 7*o. List the prime factors of 0 - (o - 0)/(-2).
2, 3
Suppose 3*w = -2*g + 96, 45 = w + 3*g + 2*g. Suppose 0*y - w = 5*y. What are 